{"id":16,"date":"2019-08-25T12:42:01","date_gmt":"2019-08-25T12:42:01","guid":{"rendered":"http:\/\/yogaluebeck.com\/?page_id=16"},"modified":"2024-09-05T11:52:59","modified_gmt":"2024-09-05T11:52:59","slug":"termine-info","status":"publish","type":"page","link":"https:\/\/yogaluebeck.com\/?page_id=16","title":{"rendered":"TERMINE | INFO"},"content":{"rendered":"<div class=\"wp-block-image\">\n<figure class=\"aligncenter is-resized\"><img data-recalc-dims=\"1\" loading=\"lazy\" decoding=\"async\" width=\"1200\" height=\"800\" src=\"https:\/\/i0.wp.com\/yogaluebeck.com\/wp-content\/uploads\/2019\/08\/f%C3%BCr-Marlon-2.jpg?resize=1200%2C800&#038;ssl=1\" alt=\"\" class=\"wp-image-252\" style=\"width:972px;height:648px\" srcset=\"https:\/\/i0.wp.com\/yogaluebeck.com\/wp-content\/uploads\/2019\/08\/f%C3%BCr-Marlon-2.jpg?w=1772&amp;ssl=1 1772w, https:\/\/i0.wp.com\/yogaluebeck.com\/wp-content\/uploads\/2019\/08\/f%C3%BCr-Marlon-2.jpg?resize=300%2C200&amp;ssl=1 300w, https:\/\/i0.wp.com\/yogaluebeck.com\/wp-content\/uploads\/2019\/08\/f%C3%BCr-Marlon-2.jpg?resize=768%2C512&amp;ssl=1 768w, https:\/\/i0.wp.com\/yogaluebeck.com\/wp-content\/uploads\/2019\/08\/f%C3%BCr-Marlon-2.jpg?resize=1024%2C682&amp;ssl=1 1024w\" sizes=\"auto, (max-width: 1200px) 100vw, 1200px\" \/><\/figure>\n<\/div>\n\n\n<p class=\"has-text-align-center has-very-dark-gray-color has-text-color\" style=\"font-size:24px\">TERMINE | INFO<\/p>\n\n\n\n<hr class=\"wp-block-separator has-css-opacity is-style-wide\"\/>\n\n\n\n<p class=\"has-very-dark-gray-color has-text-color\" style=\"font-size:24px\">Yoga im Einzelunterricht&nbsp;<\/p>\n\n\n\n<p class=\"has-medium-font-size\"><strong>Kosten:<\/strong><br>Eine Einzelstunde dauert 60 Minuten und kostet 70,- Euro (inkl. 19% MwSt.).<br>Der Betrag wird jeweils am Ende der Stunde gezahlt.\u00a0 \u00a0 \u00a0 \u00a0 \u00a0 \u00a0 \u00a0 \u00a0 \u00a0 \u00a0 \u00a0 \u00a0 \u00a0 \u00a0 \u00a0 \u00a0 \u00a0 \u00a0 \u00a0 \u00a0 \u00a0 \u00a0 \u00a0 \u00a0 \u00a0 \u00a0 <br><strong>Termine:<\/strong><br>F\u00fcr eine Einzelstunde vereinbaren Sie bitte mit mir einen Termin telefonisch oder per <a href=\"https:\/\/yogaluebeck.com\/?page_id=180\">E-Mail<\/a>.<\/p>\n\n\n\n<p class=\"has-very-dark-gray-color has-text-color\" style=\"font-size:24px\">W\u00f6chentliche Yogakurse&nbsp;<\/p>\n\n\n\n<p class=\"has-medium-font-size\"><strong>Kosten:<\/strong><br>Die Kursgeb\u00fchr betr\u00e4gt 180,- Euro (inkl. 19% MwSt.). Sie umfasst 12 Termine mit jeweils 90 Minuten Unterricht.<\/p>\n\n\n\n<p class=\"has-medium-font-size\"><strong>Termine:<\/strong><\/p>\n\n\n\n<figure class=\"wp-block-table is-style-stripes\"><table class=\"has-background\" style=\"background-color:#f3f4f5\"><tbody><tr><td>Dienstag<\/td><td>18.00 &#8211; 19:30<\/td><td>19:30 &#8211; 21:00<\/td><\/tr><tr><td>Mittwoch<\/td><td>09:00 &#8211; 10:30<\/td><td>18:15 &#8211; 19:45<\/td><\/tr><tr><td>Donnerstag<\/td><td>09:00 &#8211; 10:30<\/td><td>18:15 &#8211; 19:45<\/td><\/tr><\/tbody><\/table><\/figure>\n\n\n\n<p class=\"has-medium-font-size\">Vers\u00e4umte Stunden k\u00f6nnen nachgeholt werden, wenn ein Platz zu einem Ausweichtermin frei ist.&nbsp;In der Regel findet w\u00e4hrend der Schulferien kein Unterricht statt. F\u00fcr den Yogaunterricht tragen Sie bitte bequeme Kleidung und Socken. Yogamatten und alle Hilfsmittel sind im Raum vorhanden.<\/p>\n\n\n\n<p class=\"has-medium-font-size\"><strong>Zertifizierung der Kurse<\/strong><br>Es besteht von der ZPP (Zentrale Pr\u00fcfstelle Pr\u00e4vention) eine Anerkennung meiner Kurse, sodass gesetzliche Krankenkassen nach \u00a7 20 SGB Ihre Kursteilnahme auf Antrag finanziell unterst\u00fctzen k\u00f6nnen. <\/p>\n","protected":false},"excerpt":{"rendered":"<p>TERMINE | INFO Yoga im Einzelunterricht&nbsp; Kosten:Eine Einzelstunde dauert 60 Minuten und kostet 70,- Euro (inkl. 19% MwSt.).Der Betrag wird jeweils am Ende der Stunde gezahlt.\u00a0 \u00a0 \u00a0 \u00a0 \u00a0 \u00a0 \u00a0 \u00a0 \u00a0 \u00a0 \u00a0 \u00a0 \u00a0 \u00a0 \u00a0 \u00a0 \u00a0 \u00a0 \u00a0 \u00a0 \u00a0 \u00a0 \u00a0 \u00a0 \u00a0 \u00a0 Termine:F\u00fcr eine Einzelstunde vereinbaren [&hellip;]<\/p>\n","protected":false},"author":1,"featured_media":0,"parent":0,"menu_order":0,"comment_status":"closed","ping_status":"closed","template":"","meta":{"footnotes":""},"class_list":["post-16","page","type-page","status-publish","hentry","entry"],"jetpack_sharing_enabled":true,"_links":{"self":[{"href":"https:\/\/yogaluebeck.com\/index.php?rest_route=\/wp\/v2\/pages\/16","targetHints":{"allow":["GET"]}}],"collection":[{"href":"https:\/\/yogaluebeck.com\/index.php?rest_route=\/wp\/v2\/pages"}],"about":[{"href":"https:\/\/yogaluebeck.com\/index.php?rest_route=\/wp\/v2\/types\/page"}],"author":[{"embeddable":true,"href":"https:\/\/yogaluebeck.com\/index.php?rest_route=\/wp\/v2\/users\/1"}],"replies":[{"embeddable":true,"href":"https:\/\/yogaluebeck.com\/index.php?rest_route=%2Fwp%2Fv2%2Fcomments&post=16"}],"version-history":[{"count":42,"href":"https:\/\/yogaluebeck.com\/index.php?rest_route=\/wp\/v2\/pages\/16\/revisions"}],"predecessor-version":[{"id":475,"href":"https:\/\/yogaluebeck.com\/index.php?rest_route=\/wp\/v2\/pages\/16\/revisions\/475"}],"wp:attachment":[{"href":"https:\/\/yogaluebeck.com\/index.php?rest_route=%2Fwp%2Fv2%2Fmedia&parent=16"}],"curies":[{"name":"wp","href":"https:\/\/api.w.org\/{rel}","templated":true}]}}