{"id":14,"date":"2019-08-25T12:41:39","date_gmt":"2019-08-25T12:41:39","guid":{"rendered":"http:\/\/yogaluebeck.com\/?page_id=14"},"modified":"2019-09-05T11:16:42","modified_gmt":"2019-09-05T11:16:42","slug":"der-raum","status":"publish","type":"page","link":"https:\/\/yogaluebeck.com\/?page_id=14","title":{"rendered":"YOGA-RAUM"},"content":{"rendered":"\n<div class=\"wp-block-image\"><figure class=\"aligncenter is-resized\"><img data-recalc-dims=\"1\" loading=\"lazy\" decoding=\"async\" src=\"https:\/\/i0.wp.com\/yogaluebeck.com\/wp-content\/uploads\/2019\/08\/Foto-7.jpg?resize=972%2C648&#038;ssl=1\" alt=\"\" class=\"wp-image-232\" width=\"972\" height=\"648\" srcset=\"https:\/\/i0.wp.com\/yogaluebeck.com\/wp-content\/uploads\/2019\/08\/Foto-7.jpg?resize=1024%2C683&amp;ssl=1 1024w, https:\/\/i0.wp.com\/yogaluebeck.com\/wp-content\/uploads\/2019\/08\/Foto-7.jpg?resize=300%2C200&amp;ssl=1 300w, https:\/\/i0.wp.com\/yogaluebeck.com\/wp-content\/uploads\/2019\/08\/Foto-7.jpg?resize=768%2C512&amp;ssl=1 768w, https:\/\/i0.wp.com\/yogaluebeck.com\/wp-content\/uploads\/2019\/08\/Foto-7.jpg?w=2400&amp;ssl=1 2400w, https:\/\/i0.wp.com\/yogaluebeck.com\/wp-content\/uploads\/2019\/08\/Foto-7.jpg?w=3600&amp;ssl=1 3600w\" sizes=\"auto, (max-width: 972px) 100vw, 972px\" \/><\/figure><\/div>\n\n\n\n<p style=\"font-size:24px;text-align:center\" class=\"has-text-color has-very-dark-gray-color\">YOGA-RAUM<\/p>\n\n\n\n<hr class=\"wp-block-separator is-style-wide\"\/>\n\n\n\n<p class=\"has-medium-font-size\">In der ruhigen Umgebung des L\u00fcbecker Stadtteils St. J\u00fcrgen habe ich nur f\u00fcr Yoga einen Raum geschaffen, dessen Ruhe und harmonische Gestaltung sich wohltuend \u00fcbertr\u00e4gt, wenn man ihn betritt. <br>Die gro\u00dfen, fu\u00dfbodentiefen Fenster laden das Gr\u00fcn des Gartens ein und sorgen f\u00fcr einen hellen, lichtdurchfluteten Raum. \u00a0 \u00a0 \u00a0 \u00a0 \u00a0 \u00a0 \u00a0 \u00a0 \u00a0 \u00a0 \u00a0 \u00a0 \u00a0 \u00a0 \u00a0 \u00a0<\/p>\n\n\n\n<p class=\"has-medium-font-size\">Die Annehmlichkeiten einer privaten Atmosph\u00e4re, die W\u00e4rme einer Fu\u00dfbodenheizung und schmeichelnde Wollmatten f\u00f6rdern das Wohlbefinden und die Entspannung.<\/p>\n\n\n\n<p class=\"has-medium-font-size\">Auf Symbole des indischen Kulturraumes wurde bewusst verzichtet. &nbsp; &nbsp; &nbsp; &nbsp; &nbsp; &nbsp; &nbsp; &nbsp; &nbsp; &nbsp; &nbsp; &nbsp; &nbsp; &nbsp; &nbsp; &nbsp; &nbsp; &nbsp; &nbsp; &nbsp; &nbsp; &nbsp; &nbsp; &nbsp; &nbsp; &nbsp; &nbsp; &nbsp; &nbsp; &nbsp; &nbsp; &nbsp; &nbsp; &nbsp; &nbsp; &nbsp; &nbsp; &nbsp; &nbsp; &nbsp; &nbsp; &nbsp; &nbsp; &nbsp; &nbsp; &nbsp; &nbsp; &nbsp; &nbsp; &nbsp; &nbsp; &nbsp; &nbsp;<\/p>\n\n\n\n<p class=\"has-medium-font-size\">Unterst\u00fctzende Hilfsmittel sind f\u00fcr alle \u00dcbenden im Raum vorhanden. &nbsp; &nbsp; &nbsp; &nbsp; &nbsp; &nbsp; &nbsp; &nbsp; &nbsp; &nbsp; &nbsp; &nbsp; &nbsp; &nbsp; &nbsp; &nbsp; &nbsp; &nbsp; &nbsp;<br><\/p>\n","protected":false},"excerpt":{"rendered":"<p>YOGA-RAUM In der ruhigen Umgebung des L\u00fcbecker Stadtteils St. J\u00fcrgen habe ich nur f\u00fcr Yoga einen Raum geschaffen, dessen Ruhe und harmonische Gestaltung sich wohltuend \u00fcbertr\u00e4gt, wenn man ihn betritt. Die gro\u00dfen, fu\u00dfbodentiefen Fenster laden das Gr\u00fcn des Gartens ein und sorgen f\u00fcr einen hellen, lichtdurchfluteten Raum. \u00a0 \u00a0 \u00a0 \u00a0 \u00a0 \u00a0 \u00a0 \u00a0 [&hellip;]<\/p>\n","protected":false},"author":1,"featured_media":0,"parent":0,"menu_order":0,"comment_status":"closed","ping_status":"closed","template":"","meta":{"footnotes":""},"class_list":["post-14","page","type-page","status-publish","hentry","entry"],"jetpack_sharing_enabled":true,"_links":{"self":[{"href":"https:\/\/yogaluebeck.com\/index.php?rest_route=\/wp\/v2\/pages\/14","targetHints":{"allow":["GET"]}}],"collection":[{"href":"https:\/\/yogaluebeck.com\/index.php?rest_route=\/wp\/v2\/pages"}],"about":[{"href":"https:\/\/yogaluebeck.com\/index.php?rest_route=\/wp\/v2\/types\/page"}],"author":[{"embeddable":true,"href":"https:\/\/yogaluebeck.com\/index.php?rest_route=\/wp\/v2\/users\/1"}],"replies":[{"embeddable":true,"href":"https:\/\/yogaluebeck.com\/index.php?rest_route=%2Fwp%2Fv2%2Fcomments&post=14"}],"version-history":[{"count":11,"href":"https:\/\/yogaluebeck.com\/index.php?rest_route=\/wp\/v2\/pages\/14\/revisions"}],"predecessor-version":[{"id":402,"href":"https:\/\/yogaluebeck.com\/index.php?rest_route=\/wp\/v2\/pages\/14\/revisions\/402"}],"wp:attachment":[{"href":"https:\/\/yogaluebeck.com\/index.php?rest_route=%2Fwp%2Fv2%2Fmedia&parent=14"}],"curies":[{"name":"wp","href":"https:\/\/api.w.org\/{rel}","templated":true}]}}

<div class="wp-block-image"><figure class="aligncenter is-resized"><img data-recalc-dims="1" loading="lazy" decoding="async" src="https://i0.wp.com/yogaluebeck.com/wp-content/uploads/2019/08/Foto-7.jpg?resize=972%2C648&#038;ssl=1" alt="" class="wp-image-232" width="972" height="648" srcset="https://i0.wp.com/yogaluebeck.com/wp-content/uploads/2019/08/Foto-7.jpg?resize=1024%2C683&amp;ssl=1 1024w, https://i0.wp.com/yogaluebeck.com/wp-content/uploads/2019/08/Foto-7.jpg?resize=300%2C200&amp;ssl=1 300w, https://i0.wp.com/yogaluebeck.com/wp-content/uploads/2019/08/Foto-7.jpg?resize=768%2C512&amp;ssl=1 768w, https://i0.wp.com/yogaluebeck.com/wp-content/uploads/2019/08/Foto-7.jpg?w=2400&amp;ssl=1 2400w, https://i0.wp.com/yogaluebeck.com/wp-content/uploads/2019/08/Foto-7.jpg?w=3600&amp;ssl=1 3600w" sizes="auto, (max-width: 972px) 100vw, 972px" /></figure></div>



<p style="font-size:24px;text-align:center" class="has-text-color has-very-dark-gray-color">YOGA-RAUM</p>



<hr class="wp-block-separator is-style-wide"/>



<p class="has-medium-font-size">In der ruhigen Umgebung des Lübecker Stadtteils St. Jürgen habe ich nur für Yoga einen Raum geschaffen, dessen Ruhe und harmonische Gestaltung sich wohltuend überträgt, wenn man ihn betritt. <br>Die großen, fußbodentiefen Fenster laden das Grün des Gartens ein und sorgen für einen hellen, lichtdurchfluteten Raum.                                </p>



<p class="has-medium-font-size">Die Annehmlichkeiten einer privaten Atmosphäre, die Wärme einer Fußbodenheizung und schmeichelnde Wollmatten fördern das Wohlbefinden und die Entspannung.</p>



<p class="has-medium-font-size">Auf Symbole des indischen Kulturraumes wurde bewusst verzichtet. &nbsp; &nbsp; &nbsp; &nbsp; &nbsp; &nbsp; &nbsp; &nbsp; &nbsp; &nbsp; &nbsp; &nbsp; &nbsp; &nbsp; &nbsp; &nbsp; &nbsp; &nbsp; &nbsp; &nbsp; &nbsp; &nbsp; &nbsp; &nbsp; &nbsp; &nbsp; &nbsp; &nbsp; &nbsp; &nbsp; &nbsp; &nbsp; &nbsp; &nbsp; &nbsp; &nbsp; &nbsp; &nbsp; &nbsp; &nbsp; &nbsp; &nbsp; &nbsp; &nbsp; &nbsp; &nbsp; &nbsp; &nbsp; &nbsp; &nbsp; &nbsp; &nbsp; &nbsp;</p>



<p class="has-medium-font-size">Unterstützende Hilfsmittel sind für alle Übenden im Raum vorhanden. &nbsp; &nbsp; &nbsp; &nbsp; &nbsp; &nbsp; &nbsp; &nbsp; &nbsp; &nbsp; &nbsp; &nbsp; &nbsp; &nbsp; &nbsp; &nbsp; &nbsp; &nbsp; &nbsp;<br></p>

<p>YOGA-RAUM In der ruhigen Umgebung des Lübecker Stadtteils St. Jürgen habe ich nur für Yoga einen Raum geschaffen, dessen Ruhe und harmonische Gestaltung sich wohltuend überträgt, wenn man ihn betritt. Die großen, fußbodentiefen Fenster laden das Grün des Gartens ein und sorgen für einen hellen, lichtdurchfluteten Raum.                 [&hellip;]</p>
