{"id":12,"date":"2019-08-25T12:41:22","date_gmt":"2019-08-25T12:41:22","guid":{"rendered":"http:\/\/yogaluebeck.com\/?page_id=12"},"modified":"2024-09-05T11:56:21","modified_gmt":"2024-09-05T11:56:21","slug":"ueber-mich","status":"publish","type":"page","link":"https:\/\/yogaluebeck.com\/?page_id=12","title":{"rendered":"\u00dcBER MICH"},"content":{"rendered":"<div class=\"wp-block-image\">\n<figure class=\"aligncenter size-large\"><img data-recalc-dims=\"1\" loading=\"lazy\" decoding=\"async\" width=\"1024\" height=\"683\" src=\"https:\/\/i0.wp.com\/yogaluebeck.com\/wp-content\/uploads\/2019\/08\/Foto-1.jpg?resize=1024%2C683&#038;ssl=1\" alt=\"\" class=\"wp-image-41\" srcset=\"https:\/\/i0.wp.com\/yogaluebeck.com\/wp-content\/uploads\/2019\/08\/Foto-1.jpg?resize=1024%2C683&amp;ssl=1 1024w, https:\/\/i0.wp.com\/yogaluebeck.com\/wp-content\/uploads\/2019\/08\/Foto-1.jpg?resize=300%2C200&amp;ssl=1 300w, https:\/\/i0.wp.com\/yogaluebeck.com\/wp-content\/uploads\/2019\/08\/Foto-1.jpg?resize=768%2C512&amp;ssl=1 768w, https:\/\/i0.wp.com\/yogaluebeck.com\/wp-content\/uploads\/2019\/08\/Foto-1.jpg?w=2400&amp;ssl=1 2400w, https:\/\/i0.wp.com\/yogaluebeck.com\/wp-content\/uploads\/2019\/08\/Foto-1.jpg?w=3600&amp;ssl=1 3600w\" sizes=\"auto, (max-width: 1024px) 100vw, 1024px\" \/><\/figure>\n<\/div>\n\n\n<p class=\"has-text-align-center has-very-dark-gray-color has-text-color\" style=\"font-size:24px\">\u00dcBER MICH<\/p>\n\n\n\n<hr class=\"wp-block-separator has-css-opacity is-style-wide\"\/>\n\n\n\n<p class=\"has-very-dark-gray-color has-text-color\" style=\"font-size:24px\">Lebenslanges Lernen<\/p>\n\n\n\n<p class=\"has-medium-font-size\">Nach Abschluss meines Studiums und einigen Berufsjahren begann ich als 30-j\u00e4hrige 1988 meine Yogalehrausbildung. Das 6-j\u00e4hrige Kontaktstudium f\u00fchrte zur Anerkennung als Yogalehrerin BDY\/EYU beim Berufsverband der Yogalehrenden Deutschlands (BDY) und bei der Europ\u00e4ischen Yoga Union.&nbsp;<\/p>\n\n\n\n<p class=\"has-medium-font-size\">Meine Kenntnisse und Erfahrungen im Yoga vertiefte ich in den folgenden Jahren durch zahlreiche Fortbildungen im Berliner Yoga Zentrum (BYZ) bei Martin Soder und Dr. Imogen Dalmann: <\/p>\n\n\n<ul>\n<li>\n<h2><span style=\"color: #303030;\">\u201eYoga f\u00fcr den Gruppenunterricht\u201c (Fachfortbildung f\u00fcr Yogalehrende, 2 Jahre)&nbsp;<\/span><\/h2>\n<\/li>\n<li>\n<h2><span style=\"color: #303030;\">\u201eYoga im Einzelunterricht&#8220; (Fortbildung f\u00fcr Yogalehrende \u00fcber 3 Jahre mit Schwerpunkt &#8222;Krankheitsbilder und ihre Ber\u00fccksichtigung im Yoga&#8220;)&nbsp;<\/span><\/h2>\n<\/li>\n<li>\n<h2><span style=\"color: #303030;\">&#8222;Yogasutra-Studium&#8220;, Philosophie und Psychologie des Yoga (Fachfortbildung \u00fcber 4 Jahre)<\/span><\/h2>\n<\/li>\n<li>\n<h2><span style=\"color: #303030;\">Ausbildung zur Yogatherapeutin: 4-j\u00e4hrige Fachfortbildung \u201eIndividuelles Unterrichten, Begleitung und Yogatherapie\u201c<\/span><\/h2>\n<\/li>\n<li>\n<h2><span style=\"color: #999999;\"><span style=\"color: #303030;\">Seither Teilnahme an Therapeutischen Konferenzen des BYZ f\u00fcr fachlichen Austausch und Supervision. <\/span>&nbsp; <\/span><\/h2>\n<\/li>\n<\/ul>\n\n\n<p class=\"has-medium-font-size\">Die im Yoga traditionelle Lehrer-Sch\u00fcler-Verbindung, in der das pers\u00f6nliche \u00dcben begleitet und das Unterrichten supervidiert wird, erlebte ich als Einzelsch\u00fclerin \u00fcber 20 Jahre bei meinem Lehrer Martin Soder. Seine Expertise und Integrit\u00e4t sind mir seither Vorbild und eine Anregung f\u00fcr lebenslanges Lernen und Vertiefen der eigenen Yogapraxis.&nbsp;<\/p>\n\n\n\n<p class=\"has-very-dark-gray-color has-text-color\" style=\"font-size:24px\">30 Jahre Lehrerfahrung<\/p>\n\n\n\n<p class=\"has-medium-font-size\">Seit 1989 leite ich Menschen an im Yoga, zun\u00e4chst als Kursleiterin bei verschiedenen Organisationen, seit 1997 in eigener Yogapraxis in L\u00fcbeck. Ich unterrichte Yoga in Gruppen und begleite Menschen in Form von Einzelunterricht in ihrer pers\u00f6nlichen \u00dcbungspraxis. In meiner intensiven Auseinandersetzung mit frauenspezifischen Themen im Yoga entwickelte ich eine auf die Bed\u00fcrfnisse von Frauen eingehende Yoga-K\u00f6rperarbeit. So entstanden Unterrichtsschwerpunkte wie:<br><br>\u201eYoga f\u00fcr Schwangere\u201c,<br>\u201eYoga nach der Geburt\u201c,<br>\u201eYoga \u2013 die Kraft in der K\u00f6rpermitte st\u00e4rken\u201c<br>\u201eYoga und Beckenboden\u201c. &nbsp; &nbsp; &nbsp; &nbsp; &nbsp; &nbsp; &nbsp; &nbsp; &nbsp; &nbsp; &nbsp; &nbsp; &nbsp; &nbsp; &nbsp; &nbsp; &nbsp; &nbsp; &nbsp; &nbsp; &nbsp; &nbsp; &nbsp; &nbsp; &nbsp; &nbsp; &nbsp; &nbsp; &nbsp; &nbsp; &nbsp; &nbsp; &nbsp; &nbsp; &nbsp; &nbsp; &nbsp; &nbsp; &nbsp; &nbsp; &nbsp; &nbsp; &nbsp; &nbsp; &nbsp; &nbsp; &nbsp; &nbsp; &nbsp; &nbsp; &nbsp; &nbsp; &nbsp; &nbsp; &nbsp; &nbsp; &nbsp; &nbsp; &nbsp; &nbsp; &nbsp; &nbsp; &nbsp; &nbsp; &nbsp; &nbsp; &nbsp; <\/p>\n\n\n\n<p class=\"has-medium-font-size\">Ver\u00f6ffentlichung von Fachartikeln in der Yoga-Fachzeitschrift \u201eViveka\u201c, Nr. 49 (2011): &#8222;Beckenbodenarbeit in der Asanapraxis\u201c und Nr. 60 (2020): &#8222;Yogaarbeit mit dem Beckenboden&#8220;<\/p>\n\n\n\n<p class=\"has-medium-font-size\">Ich bin seit vielen Jahren als Referentin an verschiedenen Yoga-Ausbildungsschulen und Weiterbildungsinstitutionen in Deutschland, \u00d6sterreich und der Schweiz t\u00e4tig (Seminare unter anderem f\u00fcr den BDY und das BYZ).<\/p>\n\n\n\n<p class=\"has-medium-font-size\"><\/p>\n\n\n\n<p class=\"has-very-dark-gray-color has-text-color\" style=\"font-size:24px\">L\u00fcbeck&#8230;&nbsp;<\/p>\n\n\n\n<p class=\"has-medium-font-size\">ist meine Heimat geworden. Hier lebe ich seit 1991 mit meinem Mann. Wir haben 2 &#8211; inzwischen erwachsene &#8211; Kinder.<\/p>\n\n\n\n<p class=\"has-very-dark-gray-color has-text-color\" style=\"font-size:24px\">Verbunden sein&#8230;<\/p>\n\n\n\n<p class=\"has-medium-font-size\">Die Yogaschule Gaby Brinkmann unterst\u00fctzt seit 1999 die Katrin Rohde-Stiftung und den Sahel e.V. in ihrer Arbeit mit Waisenkindern in Burkina Faso.<br><\/p>\n","protected":false},"excerpt":{"rendered":"<p>\u00dcBER MICH Lebenslanges Lernen Nach Abschluss meines Studiums und einigen Berufsjahren begann ich als 30-j\u00e4hrige 1988 meine Yogalehrausbildung. Das 6-j\u00e4hrige Kontaktstudium f\u00fchrte zur Anerkennung als Yogalehrerin BDY\/EYU beim Berufsverband der Yogalehrenden Deutschlands (BDY) und bei der Europ\u00e4ischen Yoga Union.&nbsp; Meine Kenntnisse und Erfahrungen im Yoga vertiefte ich in den folgenden Jahren durch zahlreiche Fortbildungen im [&hellip;]<\/p>\n","protected":false},"author":1,"featured_media":0,"parent":0,"menu_order":0,"comment_status":"closed","ping_status":"closed","template":"","meta":{"footnotes":""},"class_list":["post-12","page","type-page","status-publish","hentry","entry"],"jetpack_sharing_enabled":true,"_links":{"self":[{"href":"https:\/\/yogaluebeck.com\/index.php?rest_route=\/wp\/v2\/pages\/12","targetHints":{"allow":["GET"]}}],"collection":[{"href":"https:\/\/yogaluebeck.com\/index.php?rest_route=\/wp\/v2\/pages"}],"about":[{"href":"https:\/\/yogaluebeck.com\/index.php?rest_route=\/wp\/v2\/types\/page"}],"author":[{"embeddable":true,"href":"https:\/\/yogaluebeck.com\/index.php?rest_route=\/wp\/v2\/users\/1"}],"replies":[{"embeddable":true,"href":"https:\/\/yogaluebeck.com\/index.php?rest_route=%2Fwp%2Fv2%2Fcomments&post=12"}],"version-history":[{"count":35,"href":"https:\/\/yogaluebeck.com\/index.php?rest_route=\/wp\/v2\/pages\/12\/revisions"}],"predecessor-version":[{"id":476,"href":"https:\/\/yogaluebeck.com\/index.php?rest_route=\/wp\/v2\/pages\/12\/revisions\/476"}],"wp:attachment":[{"href":"https:\/\/yogaluebeck.com\/index.php?rest_route=%2Fwp%2Fv2%2Fmedia&parent=12"}],"curies":[{"name":"wp","href":"https:\/\/api.w.org\/{rel}","templated":true}]}}

ÜBER MICH

<div class="wp-block-image">
<figure class="aligncenter size-large"><img data-recalc-dims="1" loading="lazy" decoding="async" width="1024" height="683" src="https://i0.wp.com/yogaluebeck.com/wp-content/uploads/2019/08/Foto-1.jpg?resize=1024%2C683&#038;ssl=1" alt="" class="wp-image-41" srcset="https://i0.wp.com/yogaluebeck.com/wp-content/uploads/2019/08/Foto-1.jpg?resize=1024%2C683&amp;ssl=1 1024w, https://i0.wp.com/yogaluebeck.com/wp-content/uploads/2019/08/Foto-1.jpg?resize=300%2C200&amp;ssl=1 300w, https://i0.wp.com/yogaluebeck.com/wp-content/uploads/2019/08/Foto-1.jpg?resize=768%2C512&amp;ssl=1 768w, https://i0.wp.com/yogaluebeck.com/wp-content/uploads/2019/08/Foto-1.jpg?w=2400&amp;ssl=1 2400w, https://i0.wp.com/yogaluebeck.com/wp-content/uploads/2019/08/Foto-1.jpg?w=3600&amp;ssl=1 3600w" sizes="auto, (max-width: 1024px) 100vw, 1024px" /></figure>
</div>


<p class="has-text-align-center has-very-dark-gray-color has-text-color" style="font-size:24px">ÜBER MICH</p>



<hr class="wp-block-separator has-css-opacity is-style-wide"/>



<p class="has-very-dark-gray-color has-text-color" style="font-size:24px">Lebenslanges Lernen</p>



<p class="has-medium-font-size">Nach Abschluss meines Studiums und einigen Berufsjahren begann ich als 30-jährige 1988 meine Yogalehrausbildung. Das 6-jährige Kontaktstudium führte zur Anerkennung als Yogalehrerin BDY/EYU beim Berufsverband der Yogalehrenden Deutschlands (BDY) und bei der Europäischen Yoga Union.&nbsp;</p>



<p class="has-medium-font-size">Meine Kenntnisse und Erfahrungen im Yoga vertiefte ich in den folgenden Jahren durch zahlreiche Fortbildungen im Berliner Yoga Zentrum (BYZ) bei Martin Soder und Dr. Imogen Dalmann: </p>


<ul>
<li>
<h2><span style="color: #303030;">„Yoga für den Gruppenunterricht“ (Fachfortbildung für Yogalehrende, 2 Jahre)&nbsp;</span></h2>
</li>
<li>
<h2><span style="color: #303030;">„Yoga im Einzelunterricht&#8220; (Fortbildung für Yogalehrende über 3 Jahre mit Schwerpunkt &#8222;Krankheitsbilder und ihre Berücksichtigung im Yoga&#8220;)&nbsp;</span></h2>
</li>
<li>
<h2><span style="color: #303030;">&#8222;Yogasutra-Studium&#8220;, Philosophie und Psychologie des Yoga (Fachfortbildung über 4 Jahre)</span></h2>
</li>
<li>
<h2><span style="color: #303030;">Ausbildung zur Yogatherapeutin: 4-jährige Fachfortbildung „Individuelles Unterrichten, Begleitung und Yogatherapie“</span></h2>
</li>
<li>
<h2><span style="color: #999999;"><span style="color: #303030;">Seither Teilnahme an Therapeutischen Konferenzen des BYZ für fachlichen Austausch und Supervision. </span>&nbsp; </span></h2>
</li>
</ul>


<p class="has-medium-font-size">Die im Yoga traditionelle Lehrer-Schüler-Verbindung, in der das persönliche Üben begleitet und das Unterrichten supervidiert wird, erlebte ich als Einzelschülerin über 20 Jahre bei meinem Lehrer Martin Soder. Seine Expertise und Integrität sind mir seither Vorbild und eine Anregung für lebenslanges Lernen und Vertiefen der eigenen Yogapraxis.&nbsp;</p>



<p class="has-very-dark-gray-color has-text-color" style="font-size:24px">30 Jahre Lehrerfahrung</p>



<p class="has-medium-font-size">Seit 1989 leite ich Menschen an im Yoga, zunächst als Kursleiterin bei verschiedenen Organisationen, seit 1997 in eigener Yogapraxis in Lübeck. Ich unterrichte Yoga in Gruppen und begleite Menschen in Form von Einzelunterricht in ihrer persönlichen Übungspraxis. In meiner intensiven Auseinandersetzung mit frauenspezifischen Themen im Yoga entwickelte ich eine auf die Bedürfnisse von Frauen eingehende Yoga-Körperarbeit. So entstanden Unterrichtsschwerpunkte wie:<br><br>„Yoga für Schwangere“,<br>„Yoga nach der Geburt“,<br>„Yoga – die Kraft in der Körpermitte stärken“<br>„Yoga und Beckenboden“. &nbsp; &nbsp; &nbsp; &nbsp; &nbsp; &nbsp; &nbsp; &nbsp; &nbsp; &nbsp; &nbsp; &nbsp; &nbsp; &nbsp; &nbsp; &nbsp; &nbsp; &nbsp; &nbsp; &nbsp; &nbsp; &nbsp; &nbsp; &nbsp; &nbsp; &nbsp; &nbsp; &nbsp; &nbsp; &nbsp; &nbsp; &nbsp; &nbsp; &nbsp; &nbsp; &nbsp; &nbsp; &nbsp; &nbsp; &nbsp; &nbsp; &nbsp; &nbsp; &nbsp; &nbsp; &nbsp; &nbsp; &nbsp; &nbsp; &nbsp; &nbsp; &nbsp; &nbsp; &nbsp; &nbsp; &nbsp; &nbsp; &nbsp; &nbsp; &nbsp; &nbsp; &nbsp; &nbsp; &nbsp; &nbsp; &nbsp; &nbsp; </p>



<p class="has-medium-font-size">Veröffentlichung von Fachartikeln in der Yoga-Fachzeitschrift „Viveka“, Nr. 49 (2011): &#8222;Beckenbodenarbeit in der Asanapraxis“ und Nr. 60 (2020): &#8222;Yogaarbeit mit dem Beckenboden&#8220;</p>



<p class="has-medium-font-size">Ich bin seit vielen Jahren als Referentin an verschiedenen Yoga-Ausbildungsschulen und Weiterbildungsinstitutionen in Deutschland, Österreich und der Schweiz tätig (Seminare unter anderem für den BDY und das BYZ).</p>



<p class="has-medium-font-size"></p>



<p class="has-very-dark-gray-color has-text-color" style="font-size:24px">Lübeck&#8230;&nbsp;</p>



<p class="has-medium-font-size">ist meine Heimat geworden. Hier lebe ich seit 1991 mit meinem Mann. Wir haben 2 &#8211; inzwischen erwachsene &#8211; Kinder.</p>



<p class="has-very-dark-gray-color has-text-color" style="font-size:24px">Verbunden sein&#8230;</p>



<p class="has-medium-font-size">Die Yogaschule Gaby Brinkmann unterstützt seit 1999 die Katrin Rohde-Stiftung und den Sahel e.V. in ihrer Arbeit mit Waisenkindern in Burkina Faso.<br></p>

<p>ÜBER MICH Lebenslanges Lernen Nach Abschluss meines Studiums und einigen Berufsjahren begann ich als 30-jährige 1988 meine Yogalehrausbildung. Das 6-jährige Kontaktstudium führte zur Anerkennung als Yogalehrerin BDY/EYU beim Berufsverband der Yogalehrenden Deutschlands (BDY) und bei der Europäischen Yoga Union.&nbsp; Meine Kenntnisse und Erfahrungen im Yoga vertiefte ich in den folgenden Jahren durch zahlreiche Fortbildungen im [&hellip;]</p>
